Let m = -236 - -239. Is 3 + 107 + (-3)/m prime?
True
Let u(j) = -j**3 + 2*j. Let d be u(0). Suppose 17*m - 54561 + 2422 = d. Is m composite?
False
Let b(n) = -n**3 - 6*n**2 - 6*n - 32. Let q be b(-6). Suppose 0 = 2*l + q*r - 5030, -2*l + 0*r = r - 5039. Is l prime?
True
Is (8 - 12)/(20/(-21005)) a prime number?
True
Let d(i) = 195*i + 559. Is d(16) a prime number?
False
Suppose 11*f + 5*f = 24046991 - 7011135. Is f prime?
False
Let o(h) = 2268*h + 11. Let y = 645 + -640. Is o(y) a composite number?
False
Suppose -80*n = -0*n - 2956400 - 66080. Is n prime?
True
Let r(o) = 13*o + 7*o**2 - 1 - 14*o + 4. Is r(-7) a prime number?
True
Suppose -2*v + 20 = -2*u, -u - 102 = -4*v - 74. Suppose 0 = f - d - 18619, -45*d - v = -47*d. Is f a composite number?
True
Let i(b) = 17100*b - 32. Let x be i(2). Suppose 0 = 9*p - p - x. Is p composite?
False
Is ((-21)/(-7))/(138126976/(-19732426) - -7) a prime number?
False
Let t = -347618 + 600645. Is t prime?
False
Let r(g) = -g**3 + 10*g**2 - 8*g + 18. Let d be r(9). Suppose 5*x + 2 = d. Is 36/(-9)*(235/(-4))/x prime?
True
Is 18/162 - (2 - 359944/18 - 4) prime?
False
Suppose -3*x + 5*y + 674 = 0, -3*x = -4*y + 24 - 703. Let a = -19 - -3. Let z = x - a. Is z a prime number?
False
Is 450807446/732 - (-6)/(-36) composite?
True
Suppose 5*a = -0*a + 290. Suppose 5*s - 50 = 3*m, -3*m + a = -8*m + 2*s. Is (9765/m + 2)*-2 composite?
False
Suppose -3*x + 2*j = -88693, 0 = -x + 4*j - 3284 + 32835. Is x composite?
False
Suppose 6*h - 5 = -11. Is (986/4 + h)/1*2 a composite number?
False
Suppose -81 + 5 = -4*t. Suppose -m + 21 = t. Suppose h - 615 + 126 = 4*k, -h = m*k - 483. Is h prime?
False
Suppose -5 = -4*m - m. Let q(l) = 11062*l**2 - 7*l + 2. Is q(m) prime?
True
Suppose 4*b - 1238421 = -s, 0 = -4*s + 141*b - 142*b + 4953789. Is s prime?
True
Let y = 4 - 10. Let u(f) = 108*f + 22. Let q be u(y). Let i = -375 - q. Is i a prime number?
True
Suppose 4*v - 2*u = 462274, 0 = -3*v + 31*u - 26*u + 346688. Is v a prime number?
True
Let z = -198 + 194. Is (z/2)/(28/(-21602)) a prime number?
True
Let l(y) = -13*y + 252 - y**3 - 17*y**2 + 40*y**2 - 200. Is l(11) composite?
False
Let o be (335015/(-10))/(1/(-2)) + -3. Suppose 6*t = o - 10804. Suppose 0 = -12*w + 6*w + t. Is w composite?
True
Suppose -121825 = 47*a - 22*a. Let p = a - -7660. Is p composite?
True
Let x(u) = -30*u - 117. Let g be x(-4). Suppose -g*b + 2182 = -50939. Is b a prime number?
True
Suppose -8164*p + 8158*p = -343002. Is p prime?
False
Let c = -83 - -98. Suppose -c*k + 21*k = 24. Is 2/(-3) - (12075/(-9) - k) a composite number?
True
Suppose -211615 - 122411 = -5*b + s, 2*b = -5*s + 133632. Is b a prime number?
False
Let p be 16/8 - (-3)/1. Suppose 3*j = -o + 4579, -p*j = -4*o + 10968 + 7416. Is o a composite number?
False
Let w(v) = 435*v**3 - 11*v**2 + v + 5. Is w(4) a prime number?
True
Let m(x) = -79357*x - 315. Is m(-4) a prime number?
False
Let h(a) = 10 - 22*a + 4 - 61*a + 6. Is h(-19) a composite number?
False
Suppose 0 = 5*z + 5*y - 84 - 41, -43 = -2*z + 5*y. Suppose 0 = -26*a + z*a + 42754. Is a a composite number?
False
Let u(d) = -4*d - 2*d**3 + d**3 - 2*d + 6 - 13*d**2 + 5*d. Let g be 6 + 262/(-14) - (-2)/(-7). Is u(g) a prime number?
True
Let c(b) = -555*b + 108. Let s be c(-8). Let k = 13771 + s. Is k prime?
False
Suppose -12 = -3*m - 3*u, 4*m - 4*u = -7*u + 14. Suppose 9488 = 2*a - m*h, 2*a + 4*h + h = 9467. Is a a prime number?
False
Suppose -z = 4*i - 97209, 57*z - 52*z = 4*i + 486069. Is z a prime number?
True
Let n(w) = 17656*w + 3459. Is n(7) composite?
False
Suppose 0 = -9*i + 47*i - 1125142. Is i a composite number?
True
Let b(v) = v**3 + 6*v**2 + 3*v - 5. Let m be b(-5). Let q(t) = 33*t**2 - 2*t - 1. Let k be q(-1). Suppose -m*w = -1 - k. Is w a composite number?
False
Let f(x) = -296*x + 289. Suppose 4*m + 60 = m - 3*q, -3*m + 4*q - 74 = 0. Is f(m) composite?
True
Let q(d) = 2*d**2 + 5*d - 7. Let h be q(-4). Suppose 5*v - 1572 = 3*i + 2608, h*v - 4215 = -4*i. Is v a composite number?
False
Let a = 141 - 137. Suppose -5*j = -a*c + 20144, 3*c - 4*j = -3*j + 15119. Is c composite?
True
Suppose -12*m = -9*m + 3. Let w be (70/10)/(m/(-160)). Suppose 3*j - 641 - w = 0. Is j a composite number?
False
Let r(q) be the third derivative of 19*q**4/8 + 49*q**3/6 - 8*q**2. Let m be r(-14). Let x = 1218 + m. Is x prime?
False
Let v = 23417 + -15412. Suppose -4*c - 3*f = -v, 8010 = 4*c + f + f. Is c a prime number?
False
Let a(d) = 6*d + 22. Suppose -5*u = -3*r + 31 + 17, -30 = -3*r - u. Let h be a(r). Suppose y - 5*m = -0*y + h, -5*y = 2*m - 575. Is y prime?
True
Suppose -83*d + 130*d - 75*d = -13645772. Is d a prime number?
True
Let h(n) be the third derivative of 0*n - 1/2*n**3 + 1/60*n**5 + 0 + 1/12*n**4 + 109/120*n**6 + 17*n**2. Is h(2) prime?
True
Let l(n) = -2*n**2 - 62*n + 83. Let t be l(-35). Is (9 - -2)*(-4 + (-2 - t)) composite?
True
Let g(c) = 56*c**3 - c**2 - 2*c + 47. Is g(8) a prime number?
False
Suppose -249*y - 1542121 - 1085630 = -53320914. Is y prime?
False
Let i be ((-2)/(-12)*1)/((-1)/6). Let o(c) = -5 - 686*c**3 - 2*c**2 + 2 + c**2 - 3*c. Is o(i) prime?
False
Suppose 0 = -0*k + 6*k - 18. Suppose -4*x + 52 = -k*t, t + 0 = -4. Suppose 0 = -7*i + x*i - 2031. Is i prime?
True
Let u(i) = -77*i + 7. Let q be u(-6). Suppose -328 = -s + q. Is (0 - s)*(-3 - -2) a prime number?
True
Suppose 38*b = 33*b - 165. Let l = b - -6. Let z = 56 - l. Is z a prime number?
True
Suppose 0 = 35*v - 234431 - 45884. Is v a composite number?
False
Suppose -6*i = -5*y - 2010044, 48518 = i + 5*y - 286501. Is i a composite number?
False
Let j(d) = -2*d**3 + 17*d**2 - 6*d - 12. Let h = 68 - 60. Let k be j(h). Suppose -2*p - k*n + 178 = 0, 3*p - 284 - 3 = -n. Is p composite?
False
Suppose 0 = -4*c + 2*z + 110, 0 = 3*z - 18 + 3. Let i = 33 - c. Suppose -9*n = -6*n + 3, -4*s = -i*n - 5111. Is s composite?
False
Suppose 0*l + l = 4*u - 3, 0 = -u - 2*l - 6. Suppose 16 = 4*o - u. Suppose -4*j + j = 2*v - 1126, -o*v + 2248 = 5*j. Is v a prime number?
True
Let s(z) = z**3 + 14*z**2 + 2*z + 33. Let l be s(-14). Suppose 1738 = -d - 3*f - 590, l*d - 5*f = -11740. Let j = -1312 - d. Is j composite?
False
Let k(m) = 2*m**2 - 130*m - 418. Is k(104) a prime number?
False
Let f be 34*3 + -17 + 13. Let a(p) = 60*p**2 - 6*p - 6. Let b be a(-3). Let r = b - f. Is r a composite number?
True
Let d(h) = h**2 + 3*h + 1. Let x be d(4). Let c = x + -23. Let v(y) = 3*y**2 + 7*y - 11. Is v(c) composite?
False
Let t(s) = -s**3 - 38*s**2 - 102*s - 13. Let n be 12*(-68)/34*(-6)/(-4). Is t(n) composite?
True
Let h be 80/(-10) - -2 - -81625. Suppose 51*u = 176288 + h. Is u a prime number?
False
Let j(c) be the second derivative of 0 + 25*c - 27/2*c**3 - 31/2*c**2. Is j(-12) prime?
True
Suppose 264878 = 4*z - 5*n, 46*n - 264858 = -4*z + 41*n. Is z a composite number?
True
Suppose 2*s + 2*d = 294, 2*s + 100 - 422 = 5*d. Suppose -995 = -6*j + s. Is j a composite number?
False
Suppose 0 = 3*n + 5*x - 171995, -4*n + 107260 = -4*x - 122024. Suppose -8*h = -13*h - 25, -5*o - 2*h = -n. Is o a prime number?
True
Suppose 2 = 31*l - 30*l. Suppose 0 = -5*c + l*c + 4*k, 4*k = 4*c. Suppose 5*n + 4*p - 2*p = 1577, 3*p + 12 = c. Is n a composite number?
False
Is ((-424)/(-10))/(-2)*26900/(-40) composite?
True
Let g = -108 + 114. Is (-165)/g*102/(-15) composite?
True
Let x = -448579 - -2082518. Is x a prime number?
True
Let f = 26644 - 3641. Is f a prime number?
True
Suppose -y + 2*a = -6*y + 1534, -5*y = 3*a - 1531. Let v(u) = -147*u + 44. Let x be v(-4). Suppose y = 4*k - x. Is k a prime number?
False
Let n(j) = -j**2 - 15*j + 48. Let z be n(-18). Is 5 + (0/z - -6838) composite?
True
Let w(n) = -57 + 133*n - 41*n + 104*n + 23. Let q be w(16). Suppose -7*h + h = -q. Is h a prime number?
False
Let z = 62 + -54. Suppose -z*f = -5*f - 9. Suppose -2035 = -3*i + 4*v, -f*i - i + 2*v + 2700 = 0. Is i prime?
True
Let s = 92350 - 18245. Is s a prime number?
False
Let x = -44 + 44. Suppose x = -11*z - 19857 - 24506. Let b = z - -5778. Is b a prime number?
False
Let s(g) = 59*g**3 - 181*g**2 + 53. Is s(13) prime?
False
Suppose -3*i = -4*z + 354004, 361*z - 360*z + 4*i - 88482 = 0. Is z a prime number?
False
Suppose 5*l = -5, -2*i + 5*l + 3419 = -1000. Is i a prime number?
True
Let o(m) = m**2 - 30*m - 26. Let x